n factor of 10 and l.
10
Suppose 0 = -i - 3*i + 84. Let j be 220/16 - 1/(-4). What is the highest common factor of j and i?
7
Let m = -9 - -18. Let z(f) = -f**3 + 10*f**2 - f - 6. Let q be z(m). What is the greatest common factor of 44 and q?
22
Suppose -3*z + 11 = -l, -3*z + 5*z = -4*l - 2. Suppose 2*s + z*s = 65. What is the greatest common divisor of s and 52?
13
Suppose -4*j + 6 + 18 = 0. Calculate the greatest common divisor of 4 and j.
2
Let g be 13 + (-5)/(10/(-6)). Suppose -3*j + 224 = -j. What is the greatest common factor of g and j?
16
Let h be (-741)/(-26)*(-4)/(-6). What is the highest common factor of h and 19?
19
Suppose d = -2*s + 5*d + 112, -3*d = 4*s - 279. What is the greatest common divisor of s and 165?
33
Let o(x) = 4*x**2 + 3*x - 4. Let r be o(-3). Calculate the greatest common divisor of 23 and r.
23
Let x be (-2)/(-6)*3*6. Suppose -2*b - 2*b = 0. Let f(u) = u**2 - u + 2. Let a be f(b). What is the highest common factor of a and x?
2
Suppose 3*f - 6*f = -99. Suppose -v = -2*v - f. Let o be (-1)/((9/v)/3). Calculate the greatest common divisor of 77 and o.
11
Suppose -3*p - 22 + 88 = 0. What is the highest common divisor of 33 and p?
11
Suppose -4*w = -5*j + 20, j = -3*w + 3 + 1. What is the highest common divisor of 4 and j?
4
Let j = 0 - 3. Let k = j + 7. What is the greatest common divisor of 20 and k?
4
Let i be (-9)/(((-8)/4)/2). Calculate the greatest common factor of 81 and i.
9
Suppose 0 = -0*t + 4*t - 20, x + 14 = 3*t. Let h = -17 + 21. Calculate the highest common divisor of h and x.
1
Let l = 311 - 176. Let x(s) = -s**3 + 9*s**2 + 13*s - 13. Let k be x(10). Let u = k - 2. What is the highest common factor of l and u?
15
Let u = -114 + 178. Suppose 3*h + u = 7*h. What is the greatest common divisor of h and 40?
8
Suppose -j = f - 4, -f - 3*j + 28 = 4*f. What is the greatest common factor of f and 2?
2
Suppose 0 = -4*y + s + 2*s + 30, 0 = -5*y - 4*s + 22. What is the highest common factor of y and 66?
6
Suppose -3*h = 3*j - 54, -5*h + 96 = -0*h + 2*j. Calculate the greatest common divisor of 140 and h.
20
Suppose 27 = -2*y + 5*m, -y = -6*y + m - 10. Let d be (y/3 - -1)*6. Calculate the highest common divisor of d and 44.
4
Suppose 0 = -3*u - 5*u + 560. Suppose 0*g - 4*g = 116. Let z = g - -57. Calculate the highest common divisor of z and u.
14
Let l(x) = 2*x**2 + x - 7. Let t be 28/4 + -3 + -1. Let f be l(t). Calculate the highest common divisor of f and 21.
7
Suppose 4*p = w + 2*w + 12, -4*p - 3*w + 12 = 0. Let d be (6/9)/(1/p). Suppose 2*y - 35 + 3 = 0. Calculate the highest common factor of d and y.
2
Let r be (-1 - 0)/((-3)/24). Calculate the greatest common factor of r and 24.
8
Let i be 4/(-8) + ((-129)/(-6))/1. What is the highest common factor of i and 105?
21
Let b = -5 - -7. Let u(s) = s**2 - 2*s + 2. Let x be u(b). What is the greatest common factor of 10 and x?
2
Let v = -42 + 45. What is the greatest common factor of 21 and v?
3
Let u be 408/85*(-5)/(-2). Calculate the greatest common factor of u and 3.
3
Let i(x) = 2*x**2 - 4*x - 2. Let u be i(5). What is the highest common divisor of 112 and u?
28
Let c(o) = -5*o**3 + 8*o**2 + 6. Let w(b) = -b**3 - b + 1. Let i(y) = c(y) - 4*w(y). Let k be i(8). Calculate the highest common factor of k and 17.
17
Let z = 50 + -18. What is the greatest common divisor of 8 and z?
8
Let g be 1/(3/6)*2. Suppose -a + 20 = g. Suppose -q = -10*n + 5*n + a, -n + 5 = 0. What is the highest common factor of q and 45?
9
Suppose -4*g + 39 = -h, g - 5*h - 35 = -3*g. Calculate the greatest common divisor of 20 and g.
10
Suppose 4 = -3*t + 1, n = 3*t + 15. Let s be (-7)/(196/(-40))*7. Suppose s*i = 8*i + 24. Calculate the greatest common factor of n and i.
12
Suppose 34*b = 38*b - 52. What is the highest common divisor of b and 143?
13
Suppose 8*y - 96 = 4*y. Suppose -2*c = -4*h - 6, c - h - 2*h = 3. What is the greatest common divisor of c and y?
3
Suppose -4*y = -7*y + 99. Let d(j) = 6*j - 13. Let k be d(4). Calculate the greatest common factor of y and k.
11
Let g be 84/22 - (-8)/44. Let t be 3 - g - (-14 + 0). What is the highest common factor of 143 and t?
13
Suppose 0 = 5*a + 2*u - 1697, 3*u = 5*a + 4*u - 1701. What is the greatest common divisor of 31 and a?
31
Let w = -31 + 67. Let m be (9/4)/((-1)/(-4)). What is the greatest common factor of m and w?
9
Suppose 8*x - 12 = 5*x. Suppose -3*u + 14 = -x. Calculate the greatest common divisor of 54 and u.
6
Let b(a) = -16*a - 2. Let t be b(-1). What is the greatest common divisor of t and 42?
14
Let k be ((-94)/(-4))/(4/8). What is the greatest common divisor of 329 and k?
47
Let r be 11 + (1 - 6/9)*0. Calculate the highest common divisor of 88 and r.
11
Let d = 17 + -2. Calculate the greatest common factor of d and 165.
15
Let u = 62 + -32. Let p = -500 - -520. Calculate the highest common factor of u and p.
10
Let u be -7 - 3/(-6)*-4. Let y = u + 15. Calculate the highest common factor of y and 18.
6
Let u be -6*(68/(-24) - -2). Calculate the highest common divisor of u and 1.
1
Let m = 2 + 13. Suppose 9 + m = 4*t. Calculate the greatest common factor of t and 9.
3
Suppose 0 = -6*g + g + 20. Suppose -41 - 151 = -g*j. Let q(y) = 6*y**2 - y - 1. Let d be q(-1). What is the greatest common divisor of j and d?
6
Let h = 3 - -12. Calculate the greatest common divisor of h and 10.
5
Let m = -20 - -23. Suppose 18 = m*b - 45. What is the highest common divisor of 14 and b?
7
Suppose 9 - 6 = 3*h. What is the highest common factor of 1 and h?
1
Let r = -1 + 5. Let h = r - -52. Calculate the greatest common divisor of 14 and h.
14
Let t be 117/6 - (6/4 + -3). Let i = 265 - 181. Calculate the greatest common factor of t and i.
21
Let n be ((-24)/(-15) - 0)/(2/25). Calculate the greatest common divisor of n and 4.
4
Let k(m) = -10*m - 3. Let t be k(-1). What is the highest common divisor of 119 and t?
7
Let w = 171 - 45. What is the highest common divisor of w and 14?
14
Suppose 2*d - 5*f - 30 = -2*d, -4*d - 2*f = -16. Suppose x = 5*m + 28, 2*x + 9 + 25 = -d*m. Let k = m + 14. What is the greatest common factor of 32 and k?
8
Suppose 3*f - 26 = 82. Let c = 18 + f. What is the greatest common factor of 36 and c?
18
Suppose 0 = -10*r + 5*r + 330. Suppose -4*l + r = 6. Let w = -306 + 441. What is the greatest common factor of w and l?
15
Suppose -5*r - 9 = 6. Let w be 9/6*(-8)/r. Calculate the highest common factor of w and 20.
4
Suppose 4*l = 70 + 66. Suppose -y + 5*s = s - 47, 5*s - 5 = 0. Calculate the highest common divisor of l and y.
17
Let b be (2 + 18/5)*(-225)/(-30). What is the greatest common factor of b and 21?
21
Suppose -2*x - 112 = -4*x. Calculate the highest common divisor of x and 84.
28
Let t be (630/(-49))/((-2)/14). Let u be t/4*(-8)/(-6). What is the highest common factor of u and 12?
6
Let r = -13 + -13. Let j be (1 - r)*3/9. Calculate the greatest common factor of j and 27.
9
Let u(c) = -c**2 - 6*c - 3. Let a be u(-4). Suppose -a*d - 152 = -3*k - 827, -2*d + 274 = -2*k. Calculate the greatest common divisor of 12 and d.
12
Let w = 63 - -5. Calculate the greatest common factor of 17 and w.
17
Let q(p) = -p**3 - p**2 + 10*p + 6. Let a be q(-4). Let x = 16 - 2. Calculate the greatest common factor of a and x.
14
Suppose -97 = -3*x - 5*m, 63 + 38 = 3*x + 4*m. Let s = x + 23. Let o = 90 - s. Calculate the highest common factor of o and 14.
14
Suppose 0 = 2*i - 0*i. Suppose -z = 3, -2*z + i*z = 4*d - 58. Calculate the highest common factor of 176 and d.
16
Let f(t) = -t**2 + 14*t - 14. Let w be (-78)/3*3/(-6). Suppose -d + w = 1. Let j be f(d). What is the highest common divisor of j and 110?
10
Let p(m) = 3*m**3 - 3*m**2 - m + 3. Let n be p(2). Calculate the highest common divisor of 26 and n.
13
Let m = -18 + 28. Suppose 0 = 5*c + m, -3*c = -5*a + 383 + 148. Suppose -2*v + 17 = -13. What is the greatest common factor of v and a?
15
Let i(z) = 3*z**2 + z + 4. Let d be i(3). Let c = 178 + -93. Calculate the greatest common divisor of c and d.
17
Let l(d) = -d + 4. Let a be l(-5). Suppose -y + 3 = 5. Let m(o) = o**3 + 3*o**2 + o - 1. Let p be m(y). What is the highest common divisor of p and a?
1
Suppose -4*k + 27 = l, l - 5 = -3*k + 16. What is the highest common divisor of 4 and k?
2
Suppose 0 = 3*z - 2*z - 12. Let 